[INFO] fetching crate yass-aux 0.1.1...
[INFO] checking yass-aux-0.1.1 against try#72f88fc4e9458f89516a0b8b0868f3718aec5b47 for pr-74989
[INFO] extracting crate yass-aux 0.1.1 into /workspace/builds/worker-2/source
[INFO] validating manifest of crates.io crate yass-aux 0.1.1 on toolchain 72f88fc4e9458f89516a0b8b0868f3718aec5b47
[INFO] running `Command { std: "/workspace/cargo-home/bin/cargo" "+72f88fc4e9458f89516a0b8b0868f3718aec5b47" "read-manifest" "--manifest-path" "Cargo.toml", kill_on_drop: false }`
[INFO] started tweaking crates.io crate yass-aux 0.1.1
[INFO] finished tweaking crates.io crate yass-aux 0.1.1
[INFO] tweaked toml for crates.io crate yass-aux 0.1.1 written to /workspace/builds/worker-2/source/Cargo.toml
[INFO] running `Command { std: "/workspace/cargo-home/bin/cargo" "+72f88fc4e9458f89516a0b8b0868f3718aec5b47" "generate-lockfile" "--manifest-path" "Cargo.toml" "-Zno-index-update", kill_on_drop: false }`
[INFO] running `Command { std: "/workspace/cargo-home/bin/cargo" "+72f88fc4e9458f89516a0b8b0868f3718aec5b47" "fetch" "--locked" "--manifest-path" "Cargo.toml", kill_on_drop: false }`
[INFO] running `Command { std: "docker" "create" "-v" "/var/lib/crater-agent-workspace/builds/worker-2/target:/opt/rustwide/target:rw,Z" "-v" "/var/lib/crater-agent-workspace/builds/worker-2/source:/opt/rustwide/workdir:ro,Z" "-v" "/var/lib/crater-agent-workspace/cargo-home:/opt/rustwide/cargo-home:ro,Z" "-v" "/var/lib/crater-agent-workspace/rustup-home:/opt/rustwide/rustup-home:ro,Z" "-e" "SOURCE_DIR=/opt/rustwide/workdir" "-e" "CARGO_TARGET_DIR=/opt/rustwide/target" "-e" "CARGO_HOME=/opt/rustwide/cargo-home" "-e" "RUSTUP_HOME=/opt/rustwide/rustup-home" "-w" "/opt/rustwide/workdir" "-m" "1610612736" "--user" "0:0" "--network" "none" "rustops/crates-build-env@sha256:d92eaeed33fa75130ca1ee6c8a01d1ffb62bac859dfdfb3450e3e5d1c0146529" "/opt/rustwide/cargo-home/bin/cargo" "+72f88fc4e9458f89516a0b8b0868f3718aec5b47" "metadata" "--no-deps" "--format-version=1", kill_on_drop: false }`
[INFO] [stdout] 338631baaba06c7957f1f25fbcd691eecc74859385d06e6a087c6f9c1365b789
[INFO] [stderr] WARNING: Your kernel does not support swap limit capabilities or the cgroup is not mounted. Memory limited without swap.
[INFO] running `Command { std: "docker" "start" "-a" "338631baaba06c7957f1f25fbcd691eecc74859385d06e6a087c6f9c1365b789", kill_on_drop: false }`
[INFO] running `Command { std: "docker" "inspect" "338631baaba06c7957f1f25fbcd691eecc74859385d06e6a087c6f9c1365b789", kill_on_drop: false }`
[INFO] running `Command { std: "docker" "rm" "-f" "338631baaba06c7957f1f25fbcd691eecc74859385d06e6a087c6f9c1365b789", kill_on_drop: false }`
[INFO] [stdout] 338631baaba06c7957f1f25fbcd691eecc74859385d06e6a087c6f9c1365b789
[INFO] running `Command { std: "docker" "create" "-v" "/var/lib/crater-agent-workspace/builds/worker-2/target:/opt/rustwide/target:rw,Z" "-v" "/var/lib/crater-agent-workspace/builds/worker-2/source:/opt/rustwide/workdir:ro,Z" "-v" "/var/lib/crater-agent-workspace/cargo-home:/opt/rustwide/cargo-home:ro,Z" "-v" "/var/lib/crater-agent-workspace/rustup-home:/opt/rustwide/rustup-home:ro,Z" "-e" "SOURCE_DIR=/opt/rustwide/workdir" "-e" "CARGO_TARGET_DIR=/opt/rustwide/target" "-e" "CARGO_INCREMENTAL=0" "-e" "RUST_BACKTRACE=full" "-e" "RUSTFLAGS=--cap-lints=forbid" "-e" "CARGO_HOME=/opt/rustwide/cargo-home" "-e" "RUSTUP_HOME=/opt/rustwide/rustup-home" "-w" "/opt/rustwide/workdir" "-m" "1610612736" "--user" "0:0" "--network" "none" "rustops/crates-build-env@sha256:d92eaeed33fa75130ca1ee6c8a01d1ffb62bac859dfdfb3450e3e5d1c0146529" "/opt/rustwide/cargo-home/bin/cargo" "+72f88fc4e9458f89516a0b8b0868f3718aec5b47" "check" "--frozen" "--all" "--all-targets" "--message-format=json", kill_on_drop: false }`
[INFO] [stdout] 72e4ac7bc44afa2a260e62d7d3da45a101fec9b6b6867f929368acd24696ef2d
[INFO] [stderr] WARNING: Your kernel does not support swap limit capabilities or the cgroup is not mounted. Memory limited without swap.
[INFO] running `Command { std: "docker" "start" "-a" "72e4ac7bc44afa2a260e62d7d3da45a101fec9b6b6867f929368acd24696ef2d", kill_on_drop: false }`
[INFO] [stderr]     Checking yass-aux v0.1.1 (/opt/rustwide/workdir)
[INFO] [stdout] warning: `...` range patterns are deprecated
[INFO] [stdout]   --> src/lib.rs:44:40
[INFO] [stdout]    |
[INFO] [stdout] 44 |                         Some(chr @ '0' ... '9') => {
[INFO] [stdout]    |                                        ^^^ help: use `..=` for an inclusive range
[INFO] [stdout] ...
[INFO] [stdout] 91 |     parse_signed_int!(i32, u32, atom)
[INFO] [stdout]    |     --------------------------------- in this macro invocation
[INFO] [stdout]    |
[INFO] [stdout]    = note: `#[warn(ellipsis_inclusive_range_patterns)]` on by default
[INFO] [stdout]    = note: this warning originates in a macro (in Nightly builds, run with -Z macro-backtrace for more info)
[INFO] [stdout] 
[INFO] [stdout] 
[INFO] [stdout] warning: `...` range patterns are deprecated
[INFO] [stdout]   --> src/lib.rs:53:40
[INFO] [stdout]    |
[INFO] [stdout] 53 |                         Some(chr @ '0' ... '9') => {
[INFO] [stdout]    |                                        ^^^ help: use `..=` for an inclusive range
[INFO] [stdout] ...
[INFO] [stdout] 91 |     parse_signed_int!(i32, u32, atom)
[INFO] [stdout]    |     --------------------------------- in this macro invocation
[INFO] [stdout]    |
[INFO] [stdout]    = note: this warning originates in a macro (in Nightly builds, run with -Z macro-backtrace for more info)
[INFO] [stdout] 
[INFO] [stdout] 
[INFO] [stdout] warning: `...` range patterns are deprecated
[INFO] [stdout]   --> src/lib.rs:62:40
[INFO] [stdout]    |
[INFO] [stdout] 62 |                         Some(chr @ '0' ... '9') => {
[INFO] [stdout]    |                                        ^^^ help: use `..=` for an inclusive range
[INFO] [stdout] ...
[INFO] [stdout] 91 |     parse_signed_int!(i32, u32, atom)
[INFO] [stdout]    |     --------------------------------- in this macro invocation
[INFO] [stdout]    |
[INFO] [stdout]    = note: this warning originates in a macro (in Nightly builds, run with -Z macro-backtrace for more info)
[INFO] [stdout] 
[INFO] [stdout] 
[INFO] [stdout] warning: `...` range patterns are deprecated
[INFO] [stdout]   --> src/lib.rs:44:40
[INFO] [stdout]    |
[INFO] [stdout] 44 |                         Some(chr @ '0' ... '9') => {
[INFO] [stdout]    |                                        ^^^ help: use `..=` for an inclusive range
[INFO] [stdout] ...
[INFO] [stdout] 95 |     parse_signed_int!(i64, u64, atom)
[INFO] [stdout]    |     --------------------------------- in this macro invocation
[INFO] [stdout]    |
[INFO] [stdout]    = note: this warning originates in a macro (in Nightly builds, run with -Z macro-backtrace for more info)
[INFO] [stdout] 
[INFO] [stdout] 
[INFO] [stdout] warning: `...` range patterns are deprecated
[INFO] [stdout]   --> src/lib.rs:53:40
[INFO] [stdout]    |
[INFO] [stdout] 53 |                         Some(chr @ '0' ... '9') => {
[INFO] [stdout]    |                                        ^^^ help: use `..=` for an inclusive range
[INFO] [stdout] ...
[INFO] [stdout] 95 |     parse_signed_int!(i64, u64, atom)
[INFO] [stdout]    |     --------------------------------- in this macro invocation
[INFO] [stdout]    |
[INFO] [stdout]    = note: this warning originates in a macro (in Nightly builds, run with -Z macro-backtrace for more info)
[INFO] [stdout] 
[INFO] [stdout] 
[INFO] [stdout] warning: `...` range patterns are deprecated
[INFO] [stdout]   --> src/lib.rs:62:40
[INFO] [stdout]    |
[INFO] [stdout] 62 |                         Some(chr @ '0' ... '9') => {
[INFO] [stdout]    |                                        ^^^ help: use `..=` for an inclusive range
[INFO] [stdout] ...
[INFO] [stdout] 95 |     parse_signed_int!(i64, u64, atom)
[INFO] [stdout]    |     --------------------------------- in this macro invocation
[INFO] [stdout]    |
[INFO] [stdout]    = note: this warning originates in a macro (in Nightly builds, run with -Z macro-backtrace for more info)
[INFO] [stdout] 
[INFO] [stdout] 
[INFO] [stdout] warning: `...` range patterns are deprecated
[INFO] [stdout]    --> src/lib.rs:113:40
[INFO] [stdout]     |
[INFO] [stdout] 113 |                         Some(chr @ '0' ... '9') => {
[INFO] [stdout]     |                                        ^^^ help: use `..=` for an inclusive range
[INFO] [stdout] ...
[INFO] [stdout] 137 |     parse_unsigned_int!(u32, atom)
[INFO] [stdout]     |     ------------------------------ in this macro invocation
[INFO] [stdout]     |
[INFO] [stdout]     = note: this warning originates in a macro (in Nightly builds, run with -Z macro-backtrace for more info)
[INFO] [stdout] 
[INFO] [stdout] 
[INFO] [stdout] warning: `...` range patterns are deprecated
[INFO] [stdout]    --> src/lib.rs:122:40
[INFO] [stdout]     |
[INFO] [stdout] 122 |                         Some(chr @ '0' ... '9') => {
[INFO] [stdout]     |                                        ^^^ help: use `..=` for an inclusive range
[INFO] [stdout] ...
[INFO] [stdout] 137 |     parse_unsigned_int!(u32, atom)
[INFO] [stdout]     |     ------------------------------ in this macro invocation
[INFO] [stdout]     |
[INFO] [stdout]     = note: this warning originates in a macro (in Nightly builds, run with -Z macro-backtrace for more info)
[INFO] [stdout] 
[INFO] [stdout] 
[INFO] [stdout] warning: `...` range patterns are deprecated
[INFO] [stdout]    --> src/lib.rs:113:40
[INFO] [stdout]     |
[INFO] [stdout] 113 |                         Some(chr @ '0' ... '9') => {
[INFO] [stdout]     |                                        ^^^ help: use `..=` for an inclusive range
[INFO] [stdout] ...
[INFO] [stdout] 141 |     parse_unsigned_int!(u64, atom)
[INFO] [stdout]     |     ------------------------------ in this macro invocation
[INFO] [stdout]     |
[INFO] [stdout]     = note: this warning originates in a macro (in Nightly builds, run with -Z macro-backtrace for more info)
[INFO] [stdout] 
[INFO] [stdout] 
[INFO] [stdout] warning: `...` range patterns are deprecated
[INFO] [stdout]    --> src/lib.rs:122:40
[INFO] [stdout]     |
[INFO] [stdout] 122 |                         Some(chr @ '0' ... '9') => {
[INFO] [stdout]     |                                        ^^^ help: use `..=` for an inclusive range
[INFO] [stdout] ...
[INFO] [stdout] 141 |     parse_unsigned_int!(u64, atom)
[INFO] [stdout]     |     ------------------------------ in this macro invocation
[INFO] [stdout]     |
[INFO] [stdout]     = note: this warning originates in a macro (in Nightly builds, run with -Z macro-backtrace for more info)
[INFO] [stdout] 
[INFO] [stdout] 
[INFO] [stdout] warning: `...` range patterns are deprecated
[INFO] [stdout]    --> src/lib.rs:180:36
[INFO] [stdout]     |
[INFO] [stdout] 180 |                     Some(chr @ '0' ... '9') => {
[INFO] [stdout]     |                                    ^^^ help: use `..=` for an inclusive range
[INFO] [stdout] 
[INFO] [stdout] 
[INFO] [stdout] warning: `...` range patterns are deprecated
[INFO] [stdout]    --> src/lib.rs:192:36
[INFO] [stdout]     |
[INFO] [stdout] 192 |                     Some(chr @ '0' ... '9') => {
[INFO] [stdout]     |                                    ^^^ help: use `..=` for an inclusive range
[INFO] [stdout] 
[INFO] [stdout] 
[INFO] [stdout] warning: `...` range patterns are deprecated
[INFO] [stdout]    --> src/lib.rs:204:36
[INFO] [stdout]     |
[INFO] [stdout] 204 |                     Some(chr @ '0' ... '9') => {
[INFO] [stdout]     |                                    ^^^ help: use `..=` for an inclusive range
[INFO] [stdout] 
[INFO] [stdout] 
[INFO] [stdout] warning: `...` range patterns are deprecated
[INFO] [stdout]    --> src/lib.rs:216:36
[INFO] [stdout]     |
[INFO] [stdout] 216 |                     Some(chr @ '0' ... '9') => {
[INFO] [stdout]     |                                    ^^^ help: use `..=` for an inclusive range
[INFO] [stdout] 
[INFO] [stdout] 
[INFO] [stdout] warning: `...` range patterns are deprecated
[INFO] [stdout]    --> src/lib.rs:229:36
[INFO] [stdout]     |
[INFO] [stdout] 229 |                     Some(chr @ '0' ... '9') => {
[INFO] [stdout]     |                                    ^^^ help: use `..=` for an inclusive range
[INFO] [stdout] 
[INFO] [stdout] 
[INFO] [stdout] warning: `...` range patterns are deprecated
[INFO] [stdout]    --> src/lib.rs:245:36
[INFO] [stdout]     |
[INFO] [stdout] 245 |                     Some(chr @ '0' ... '9') => {
[INFO] [stdout]     |                                    ^^^ help: use `..=` for an inclusive range
[INFO] [stdout] 
[INFO] [stdout] 
[INFO] [stdout] warning: `...` range patterns are deprecated
[INFO] [stdout]    --> src/lib.rs:254:36
[INFO] [stdout]     |
[INFO] [stdout] 254 |                     Some(chr @ '0' ... '9') => {
[INFO] [stdout]     |                                    ^^^ help: use `..=` for an inclusive range
[INFO] [stdout] 
[INFO] [stdout] 
[INFO] [stdout] warning: `...` range patterns are deprecated
[INFO] [stdout]    --> src/lib.rs:263:36
[INFO] [stdout]     |
[INFO] [stdout] 263 |                     Some(chr @ '0' ... '9') => {
[INFO] [stdout]     |                                    ^^^ help: use `..=` for an inclusive range
[INFO] [stdout] 
[INFO] [stdout] 
[INFO] [stdout] warning: `...` range patterns are deprecated
[INFO] [stdout]    --> src/lib.rs:443:39
[INFO] [stdout]     |
[INFO] [stdout] 443 |                     Some(chr @ '\x00' ... '\x7F') => string.push(chr),
[INFO] [stdout]     |                                       ^^^ help: use `..=` for an inclusive range
[INFO] [stdout] 
[INFO] [stdout] 
[INFO] [stdout] warning: `...` range patterns are deprecated
[INFO] [stdout]    --> src/lib.rs:831:18
[INFO] [stdout]     |
[INFO] [stdout] 831 |             0x20 ... 0x7E => output.push(chr as char),
[INFO] [stdout]     |                  ^^^ help: use `..=` for an inclusive range
[INFO] [stdout] 
[INFO] [stdout] 
[INFO] [stdout] warning: `...` range patterns are deprecated
[INFO] [stdout]    --> src/lib.rs:858:18
[INFO] [stdout]     |
[INFO] [stdout] 858 |             0x20 ... 0x7E => output.push(chr as char),
[INFO] [stdout]     |                  ^^^ help: use `..=` for an inclusive range
[INFO] [stdout] 
[INFO] [stdout] 
[INFO] [stdout] warning: `...` range patterns are deprecated
[INFO] [stdout]    --> src/lib.rs:886:20
[INFO] [stdout]     |
[INFO] [stdout] 886 |             '\x20' ... '\x7E' => output.push(chr as char),
[INFO] [stdout]     |                    ^^^ help: use `..=` for an inclusive range
[INFO] [stdout] 
[INFO] [stdout] 
[INFO] [stdout] warning: `...` range patterns are deprecated
[INFO] [stdout]   --> src/lib.rs:44:40
[INFO] [stdout]    |
[INFO] [stdout] 44 |                         Some(chr @ '0' ... '9') => {
[INFO] [stdout]    |                                        ^^^ help: use `..=` for an inclusive range
[INFO] [stdout] ...
[INFO] [stdout] 91 |     parse_signed_int!(i32, u32, atom)
[INFO] [stdout]    |     --------------------------------- in this macro invocation
[INFO] [stdout]    |
[INFO] [stdout]    = note: `#[warn(ellipsis_inclusive_range_patterns)]` on by default
[INFO] [stdout]    = note: this warning originates in a macro (in Nightly builds, run with -Z macro-backtrace for more info)
[INFO] [stdout] 
[INFO] [stdout] 
[INFO] [stdout] warning: `...` range patterns are deprecated
[INFO] [stdout]   --> src/lib.rs:53:40
[INFO] [stdout]    |
[INFO] [stdout] 53 |                         Some(chr @ '0' ... '9') => {
[INFO] [stdout]    |                                        ^^^ help: use `..=` for an inclusive range
[INFO] [stdout] ...
[INFO] [stdout] 91 |     parse_signed_int!(i32, u32, atom)
[INFO] [stdout]    |     --------------------------------- in this macro invocation
[INFO] [stdout]    |
[INFO] [stdout]    = note: this warning originates in a macro (in Nightly builds, run with -Z macro-backtrace for more info)
[INFO] [stdout] 
[INFO] [stdout] 
[INFO] [stdout] warning: `...` range patterns are deprecated
[INFO] [stdout]   --> src/lib.rs:62:40
[INFO] [stdout]    |
[INFO] [stdout] 62 |                         Some(chr @ '0' ... '9') => {
[INFO] [stdout]    |                                        ^^^ help: use `..=` for an inclusive range
[INFO] [stdout] ...
[INFO] [stdout] 91 |     parse_signed_int!(i32, u32, atom)
[INFO] [stdout]    |     --------------------------------- in this macro invocation
[INFO] [stdout]    |
[INFO] [stdout]    = note: this warning originates in a macro (in Nightly builds, run with -Z macro-backtrace for more info)
[INFO] [stdout] 
[INFO] [stdout] 
[INFO] [stdout] warning: `...` range patterns are deprecated
[INFO] [stdout]   --> src/lib.rs:44:40
[INFO] [stdout]    |
[INFO] [stdout] 44 |                         Some(chr @ '0' ... '9') => {
[INFO] [stdout]    |                                        ^^^ help: use `..=` for an inclusive range
[INFO] [stdout] ...
[INFO] [stdout] 95 |     parse_signed_int!(i64, u64, atom)
[INFO] [stdout]    |     --------------------------------- in this macro invocation
[INFO] [stdout]    |
[INFO] [stdout]    = note: this warning originates in a macro (in Nightly builds, run with -Z macro-backtrace for more info)
[INFO] [stdout] 
[INFO] [stdout] 
[INFO] [stdout] warning: `...` range patterns are deprecated
[INFO] [stdout]   --> src/lib.rs:53:40
[INFO] [stdout]    |
[INFO] [stdout] 53 |                         Some(chr @ '0' ... '9') => {
[INFO] [stdout]    |                                        ^^^ help: use `..=` for an inclusive range
[INFO] [stdout] ...
[INFO] [stdout] 95 |     parse_signed_int!(i64, u64, atom)
[INFO] [stdout]    |     --------------------------------- in this macro invocation
[INFO] [stdout]    |
[INFO] [stdout]    = note: this warning originates in a macro (in Nightly builds, run with -Z macro-backtrace for more info)
[INFO] [stdout] 
[INFO] [stdout] 
[INFO] [stdout] warning: `...` range patterns are deprecated
[INFO] [stdout]   --> src/lib.rs:62:40
[INFO] [stdout]    |
[INFO] [stdout] 62 |                         Some(chr @ '0' ... '9') => {
[INFO] [stdout]    |                                        ^^^ help: use `..=` for an inclusive range
[INFO] [stdout] ...
[INFO] [stdout] 95 |     parse_signed_int!(i64, u64, atom)
[INFO] [stdout]    |     --------------------------------- in this macro invocation
[INFO] [stdout]    |
[INFO] [stdout]    = note: this warning originates in a macro (in Nightly builds, run with -Z macro-backtrace for more info)
[INFO] [stdout] 
[INFO] [stdout] 
[INFO] [stdout] warning: `...` range patterns are deprecated
[INFO] [stdout]    --> src/lib.rs:113:40
[INFO] [stdout]     |
[INFO] [stdout] 113 |                         Some(chr @ '0' ... '9') => {
[INFO] [stdout]     |                                        ^^^ help: use `..=` for an inclusive range
[INFO] [stdout] ...
[INFO] [stdout] 137 |     parse_unsigned_int!(u32, atom)
[INFO] [stdout]     |     ------------------------------ in this macro invocation
[INFO] [stdout]     |
[INFO] [stdout]     = note: this warning originates in a macro (in Nightly builds, run with -Z macro-backtrace for more info)
[INFO] [stdout] 
[INFO] [stdout] 
[INFO] [stdout] warning: `...` range patterns are deprecated
[INFO] [stdout]    --> src/lib.rs:122:40
[INFO] [stdout]     |
[INFO] [stdout] 122 |                         Some(chr @ '0' ... '9') => {
[INFO] [stdout]     |                                        ^^^ help: use `..=` for an inclusive range
[INFO] [stdout] ...
[INFO] [stdout] 137 |     parse_unsigned_int!(u32, atom)
[INFO] [stdout]     |     ------------------------------ in this macro invocation
[INFO] [stdout]     |
[INFO] [stdout]     = note: this warning originates in a macro (in Nightly builds, run with -Z macro-backtrace for more info)
[INFO] [stdout] 
[INFO] [stdout] 
[INFO] [stdout] warning: `...` range patterns are deprecated
[INFO] [stdout]    --> src/lib.rs:113:40
[INFO] [stdout]     |
[INFO] [stdout] 113 |                         Some(chr @ '0' ... '9') => {
[INFO] [stdout]     |                                        ^^^ help: use `..=` for an inclusive range
[INFO] [stdout] ...
[INFO] [stdout] 141 |     parse_unsigned_int!(u64, atom)
[INFO] [stdout]     |     ------------------------------ in this macro invocation
[INFO] [stdout]     |
[INFO] [stdout]     = note: this warning originates in a macro (in Nightly builds, run with -Z macro-backtrace for more info)
[INFO] [stdout] 
[INFO] [stdout] 
[INFO] [stdout] warning: `...` range patterns are deprecated
[INFO] [stdout]    --> src/lib.rs:122:40
[INFO] [stdout]     |
[INFO] [stdout] 122 |                         Some(chr @ '0' ... '9') => {
[INFO] [stdout]     |                                        ^^^ help: use `..=` for an inclusive range
[INFO] [stdout] ...
[INFO] [stdout] 141 |     parse_unsigned_int!(u64, atom)
[INFO] [stdout]     |     ------------------------------ in this macro invocation
[INFO] [stdout]     |
[INFO] [stdout]     = note: this warning originates in a macro (in Nightly builds, run with -Z macro-backtrace for more info)
[INFO] [stdout] 
[INFO] [stdout] 
[INFO] [stdout] warning: `...` range patterns are deprecated
[INFO] [stdout]    --> src/lib.rs:180:36
[INFO] [stdout]     |
[INFO] [stdout] 180 |                     Some(chr @ '0' ... '9') => {
[INFO] [stdout]     |                                    ^^^ help: use `..=` for an inclusive range
[INFO] [stdout] 
[INFO] [stdout] 
[INFO] [stdout] warning: `...` range patterns are deprecated
[INFO] [stdout]    --> src/lib.rs:192:36
[INFO] [stdout]     |
[INFO] [stdout] 192 |                     Some(chr @ '0' ... '9') => {
[INFO] [stdout]     |                                    ^^^ help: use `..=` for an inclusive range
[INFO] [stdout] 
[INFO] [stdout] 
[INFO] [stdout] warning: `...` range patterns are deprecated
[INFO] [stdout]    --> src/lib.rs:204:36
[INFO] [stdout]     |
[INFO] [stdout] 204 |                     Some(chr @ '0' ... '9') => {
[INFO] [stdout]     |                                    ^^^ help: use `..=` for an inclusive range
[INFO] [stdout] 
[INFO] [stdout] 
[INFO] [stdout] warning: `...` range patterns are deprecated
[INFO] [stdout]    --> src/lib.rs:216:36
[INFO] [stdout]     |
[INFO] [stdout] 216 |                     Some(chr @ '0' ... '9') => {
[INFO] [stdout]     |                                    ^^^ help: use `..=` for an inclusive range
[INFO] [stdout] 
[INFO] [stdout] 
[INFO] [stdout] warning: `...` range patterns are deprecated
[INFO] [stdout]    --> src/lib.rs:229:36
[INFO] [stdout]     |
[INFO] [stdout] 229 |                     Some(chr @ '0' ... '9') => {
[INFO] [stdout]     |                                    ^^^ help: use `..=` for an inclusive range
[INFO] [stdout] 
[INFO] [stdout] 
[INFO] [stdout] warning: `...` range patterns are deprecated
[INFO] [stdout]    --> src/lib.rs:245:36
[INFO] [stdout]     |
[INFO] [stdout] 245 |                     Some(chr @ '0' ... '9') => {
[INFO] [stdout]     |                                    ^^^ help: use `..=` for an inclusive range
[INFO] [stdout] 
[INFO] [stdout] 
[INFO] [stdout] warning: `...` range patterns are deprecated
[INFO] [stdout]    --> src/lib.rs:254:36
[INFO] [stdout]     |
[INFO] [stdout] 254 |                     Some(chr @ '0' ... '9') => {
[INFO] [stdout]     |                                    ^^^ help: use `..=` for an inclusive range
[INFO] [stdout] 
[INFO] [stdout] 
[INFO] [stdout] warning: `...` range patterns are deprecated
[INFO] [stdout]    --> src/lib.rs:263:36
[INFO] [stdout]     |
[INFO] [stdout] 263 |                     Some(chr @ '0' ... '9') => {
[INFO] [stdout]     |                                    ^^^ help: use `..=` for an inclusive range
[INFO] [stdout] 
[INFO] [stdout] 
[INFO] [stdout] warning: `...` range patterns are deprecated
[INFO] [stdout]    --> src/lib.rs:443:39
[INFO] [stdout]     |
[INFO] [stdout] 443 |                     Some(chr @ '\x00' ... '\x7F') => string.push(chr),
[INFO] [stdout]     |                                       ^^^ help: use `..=` for an inclusive range
[INFO] [stdout] 
[INFO] [stdout] 
[INFO] [stdout] warning: `...` range patterns are deprecated
[INFO] [stdout]    --> src/lib.rs:831:18
[INFO] [stdout]     |
[INFO] [stdout] 831 |             0x20 ... 0x7E => output.push(chr as char),
[INFO] [stdout]     |                  ^^^ help: use `..=` for an inclusive range
[INFO] [stdout] 
[INFO] [stdout] 
[INFO] [stdout] warning: `...` range patterns are deprecated
[INFO] [stdout]    --> src/lib.rs:858:18
[INFO] [stdout]     |
[INFO] [stdout] 858 |             0x20 ... 0x7E => output.push(chr as char),
[INFO] [stdout]     |                  ^^^ help: use `..=` for an inclusive range
[INFO] [stdout] 
[INFO] [stdout] 
[INFO] [stdout] warning: `...` range patterns are deprecated
[INFO] [stdout]    --> src/lib.rs:886:20
[INFO] [stdout]     |
[INFO] [stdout] 886 |             '\x20' ... '\x7E' => output.push(chr as char),
[INFO] [stdout]     |                    ^^^ help: use `..=` for an inclusive range
[INFO] [stdout] 
[INFO] [stdout] 
[INFO] [stdout] error[E0308]: mismatched types
[INFO] [stdout]    --> src/num_aux/dec2flt/rawfp.rs:148:30
[INFO] [stdout]     |
[INFO] [stdout] 148 |         const MIN_EXP: i16 = -Self::MAX_EXP + 1;
[INFO] [stdout]     |                              ^^^^^^^^^^^^^^^^^^ expected `i16`, found `i32`
[INFO] [stdout] ...
[INFO] [stdout] 170 |     other_constants!(f32);
[INFO] [stdout]     |     ---------------------- in this macro invocation
[INFO] [stdout]     |
[INFO] [stdout]     = note: this error originates in a macro (in Nightly builds, run with -Z macro-backtrace for more info)
[INFO] [stdout] 
[INFO] [stdout] 
[INFO] [stdout] error[E0308]: mismatched types
[INFO] [stdout]    --> src/num_aux/dec2flt/rawfp.rs:148:30
[INFO] [stdout]     |
[INFO] [stdout] 148 |         const MIN_EXP: i16 = -Self::MAX_EXP + 1;
[INFO] [stdout]     |                              ^^^^^^^^^^^^^^^^^^ expected `i16`, found `i32`
[INFO] [stdout] ...
[INFO] [stdout] 223 |     other_constants!(f64);
[INFO] [stdout]     |     ---------------------- in this macro invocation
[INFO] [stdout]     |
[INFO] [stdout]     = note: this error originates in a macro (in Nightly builds, run with -Z macro-backtrace for more info)
[INFO] [stdout] 
[INFO] [stdout] 
[INFO] [stdout] error[E0308]: mismatched types
[INFO] [stdout]    --> src/num_aux/dec2flt/rawfp.rs:149:50
[INFO] [stdout]     |
[INFO] [stdout] 149 |         const MAX_EXP_INT: i16 = Self::MAX_EXP - (Self::SIG_BITS as i16 - 1);
[INFO] [stdout]     |                                                  ^^^^^^^^^^^^^^^^^^^^^^^^^^^ expected `i32`, found `i16`
[INFO] [stdout] ...
[INFO] [stdout] 170 |     other_constants!(f32);
[INFO] [stdout]     |     ---------------------- in this macro invocation
[INFO] [stdout]     |
[INFO] [stdout]     = note: this error originates in a macro (in Nightly builds, run with -Z macro-backtrace for more info)
[INFO] [stdout] 
[INFO] [stdout] 
[INFO] [stdout] error[E0308]: mismatched types
[INFO] [stdout]    --> src/num_aux/dec2flt/rawfp.rs:149:34
[INFO] [stdout]     |
[INFO] [stdout] 149 |         const MAX_EXP_INT: i16 = Self::MAX_EXP - (Self::SIG_BITS as i16 - 1);
[INFO] [stdout]     |                                  ^^^^^^^^^^^^^^^^^^^^^^^^^^^^^^^^^^^^^^^^^^^ expected `i16`, found `i32`
[INFO] [stdout] ...
[INFO] [stdout] 170 |     other_constants!(f32);
[INFO] [stdout]     |     ---------------------- in this macro invocation
[INFO] [stdout]     |
[INFO] [stdout]     = note: this error originates in a macro (in Nightly builds, run with -Z macro-backtrace for more info)
[INFO] [stdout] 
[INFO] [stdout] 
[INFO] [stdout] error[E0277]: cannot subtract `i16` from `i32`
[INFO] [stdout]    --> src/num_aux/dec2flt/rawfp.rs:149:48
[INFO] [stdout]     |
[INFO] [stdout] 149 |         const MAX_EXP_INT: i16 = Self::MAX_EXP - (Self::SIG_BITS as i16 - 1);
[INFO] [stdout]     |                                                ^ no implementation for `i32 - i16`
[INFO] [stdout] ...
[INFO] [stdout] 170 |     other_constants!(f32);
[INFO] [stdout]     |     ---------------------- in this macro invocation
[INFO] [stdout]     |
[INFO] [stdout]     = help: the trait `Sub<i16>` is not implemented for `i32`
[INFO] [stdout]     = note: this error originates in a macro (in Nightly builds, run with -Z macro-backtrace for more info)
[INFO] [stdout] 
[INFO] [stdout] 
[INFO] [stdout] error[E0308]: mismatched types
[INFO] [stdout]    --> src/num_aux/dec2flt/rawfp.rs:149:50
[INFO] [stdout]     |
[INFO] [stdout] 149 |         const MAX_EXP_INT: i16 = Self::MAX_EXP - (Self::SIG_BITS as i16 - 1);
[INFO] [stdout]     |                                                  ^^^^^^^^^^^^^^^^^^^^^^^^^^^ expected `i32`, found `i16`
[INFO] [stdout] ...
[INFO] [stdout] 223 |     other_constants!(f64);
[INFO] [stdout]     |     ---------------------- in this macro invocation
[INFO] [stdout]     |
[INFO] [stdout]     = note: this error originates in a macro (in Nightly builds, run with -Z macro-backtrace for more info)
[INFO] [stdout] 
[INFO] [stdout] 
[INFO] [stdout] error[E0308]: mismatched types
[INFO] [stdout]    --> src/num_aux/dec2flt/rawfp.rs:149:34
[INFO] [stdout]     |
[INFO] [stdout] 149 |         const MAX_EXP_INT: i16 = Self::MAX_EXP - (Self::SIG_BITS as i16 - 1);
[INFO] [stdout]     |                                  ^^^^^^^^^^^^^^^^^^^^^^^^^^^^^^^^^^^^^^^^^^^ expected `i16`, found `i32`
[INFO] [stdout] ...
[INFO] [stdout] 223 |     other_constants!(f64);
[INFO] [stdout]     |     ---------------------- in this macro invocation
[INFO] [stdout]     |
[INFO] [stdout]     = note: this error originates in a macro (in Nightly builds, run with -Z macro-backtrace for more info)
[INFO] [stdout] 
[INFO] [stdout] 
[INFO] [stdout] error[E0277]: cannot subtract `i16` from `i32`
[INFO] [stdout]    --> src/num_aux/dec2flt/rawfp.rs:149:48
[INFO] [stdout]     |
[INFO] [stdout] 149 |         const MAX_EXP_INT: i16 = Self::MAX_EXP - (Self::SIG_BITS as i16 - 1);
[INFO] [stdout]     |                                                ^ no implementation for `i32 - i16`
[INFO] [stdout] ...
[INFO] [stdout] 223 |     other_constants!(f64);
[INFO] [stdout]     |     ---------------------- in this macro invocation
[INFO] [stdout]     |
[INFO] [stdout]     = help: the trait `Sub<i16>` is not implemented for `i32`
[INFO] [stdout]     = note: this error originates in a macro (in Nightly builds, run with -Z macro-backtrace for more info)
[INFO] [stdout] 
[INFO] [stdout] 
[INFO] [stdout] error[E0308]: mismatched types
[INFO] [stdout]    --> src/num_aux/dec2flt/rawfp.rs:151:50
[INFO] [stdout]     |
[INFO] [stdout] 151 |         const MIN_EXP_INT: i16 = Self::MIN_EXP - (Self::SIG_BITS as i16 - 1);
[INFO] [stdout]     |                                                  ^^^^^^^^^^^^^^^^^^^^^^^^^^^ expected `i32`, found `i16`
[INFO] [stdout] ...
[INFO] [stdout] 170 |     other_constants!(f32);
[INFO] [stdout]     |     ---------------------- in this macro invocation
[INFO] [stdout]     |
[INFO] [stdout]     = note: this error originates in a macro (in Nightly builds, run with -Z macro-backtrace for more info)
[INFO] [stdout] 
[INFO] [stdout] 
[INFO] [stdout] error[E0308]: mismatched types
[INFO] [stdout]    --> src/num_aux/dec2flt/rawfp.rs:151:34
[INFO] [stdout]     |
[INFO] [stdout] 151 |         const MIN_EXP_INT: i16 = Self::MIN_EXP - (Self::SIG_BITS as i16 - 1);
[INFO] [stdout]     |                                  ^^^^^^^^^^^^^^^^^^^^^^^^^^^^^^^^^^^^^^^^^^^ expected `i16`, found `i32`
[INFO] [stdout] ...
[INFO] [stdout] 170 |     other_constants!(f32);
[INFO] [stdout]     |     ---------------------- in this macro invocation
[INFO] [stdout]     |
[INFO] [stdout]     = note: this error originates in a macro (in Nightly builds, run with -Z macro-backtrace for more info)
[INFO] [stdout] 
[INFO] [stdout] 
[INFO] [stdout] error[E0277]: cannot subtract `i16` from `i32`
[INFO] [stdout]    --> src/num_aux/dec2flt/rawfp.rs:151:48
[INFO] [stdout]     |
[INFO] [stdout] 151 |         const MIN_EXP_INT: i16 = Self::MIN_EXP - (Self::SIG_BITS as i16 - 1);
[INFO] [stdout]     |                                                ^ no implementation for `i32 - i16`
[INFO] [stdout] ...
[INFO] [stdout] 170 |     other_constants!(f32);
[INFO] [stdout]     |     ---------------------- in this macro invocation
[INFO] [stdout]     |
[INFO] [stdout]     = help: the trait `Sub<i16>` is not implemented for `i32`
[INFO] [stdout]     = note: this error originates in a macro (in Nightly builds, run with -Z macro-backtrace for more info)
[INFO] [stdout] 
[INFO] [stdout] 
[INFO] [stdout] error[E0308]: mismatched types
[INFO] [stdout]    --> src/num_aux/dec2flt/rawfp.rs:151:50
[INFO] [stdout]     |
[INFO] [stdout] 151 |         const MIN_EXP_INT: i16 = Self::MIN_EXP - (Self::SIG_BITS as i16 - 1);
[INFO] [stdout]     |                                                  ^^^^^^^^^^^^^^^^^^^^^^^^^^^ expected `i32`, found `i16`
[INFO] [stdout] ...
[INFO] [stdout] 223 |     other_constants!(f64);
[INFO] [stdout]     |     ---------------------- in this macro invocation
[INFO] [stdout]     |
[INFO] [stdout]     = note: this error originates in a macro (in Nightly builds, run with -Z macro-backtrace for more info)
[INFO] [stdout] 
[INFO] [stdout] 
[INFO] [stdout] error[E0308]: mismatched types
[INFO] [stdout]    --> src/num_aux/dec2flt/rawfp.rs:151:34
[INFO] [stdout]     |
[INFO] [stdout] 151 |         const MIN_EXP_INT: i16 = Self::MIN_EXP - (Self::SIG_BITS as i16 - 1);
[INFO] [stdout]     |                                  ^^^^^^^^^^^^^^^^^^^^^^^^^^^^^^^^^^^^^^^^^^^ expected `i16`, found `i32`
[INFO] [stdout] ...
[INFO] [stdout] 223 |     other_constants!(f64);
[INFO] [stdout]     |     ---------------------- in this macro invocation
[INFO] [stdout]     |
[INFO] [stdout]     = note: this error originates in a macro (in Nightly builds, run with -Z macro-backtrace for more info)
[INFO] [stdout] 
[INFO] [stdout] 
[INFO] [stdout] error[E0277]: cannot subtract `i16` from `i32`
[INFO] [stdout]    --> src/num_aux/dec2flt/rawfp.rs:151:48
[INFO] [stdout]     |
[INFO] [stdout] 151 |         const MIN_EXP_INT: i16 = Self::MIN_EXP - (Self::SIG_BITS as i16 - 1);
[INFO] [stdout]     |                                                ^ no implementation for `i32 - i16`
[INFO] [stdout] ...
[INFO] [stdout] 223 |     other_constants!(f64);
[INFO] [stdout]     |     ---------------------- in this macro invocation
[INFO] [stdout]     |
[INFO] [stdout]     = help: the trait `Sub<i16>` is not implemented for `i32`
[INFO] [stdout]     = note: this error originates in a macro (in Nightly builds, run with -Z macro-backtrace for more info)
[INFO] [stdout] 
[INFO] [stdout] 
[INFO] [stdout] error: aborting due to 14 previous errors; 22 warnings emitted
[INFO] [stdout] 
[INFO] [stdout] 
[INFO] [stdout] Some errors have detailed explanations: E0277, E0308.
[INFO] [stdout] 
[INFO] [stdout] For more information about an error, try `rustc --explain E0277`.
[INFO] [stdout] 
[INFO] [stderr] error: could not compile `yass-aux`.
[INFO] [stderr] 
[INFO] [stderr] To learn more, run the command again with --verbose.
[INFO] [stderr] warning: build failed, waiting for other jobs to finish...
[INFO] [stdout] error[E0308]: mismatched types
[INFO] [stdout]    --> src/num_aux/dec2flt/rawfp.rs:148:30
[INFO] [stdout]     |
[INFO] [stdout] 148 |         const MIN_EXP: i16 = -Self::MAX_EXP + 1;
[INFO] [stdout]     |                              ^^^^^^^^^^^^^^^^^^ expected `i16`, found `i32`
[INFO] [stdout] ...
[INFO] [stdout] 170 |     other_constants!(f32);
[INFO] [stdout]     |     ---------------------- in this macro invocation
[INFO] [stdout]     |
[INFO] [stdout]     = note: this error originates in a macro (in Nightly builds, run with -Z macro-backtrace for more info)
[INFO] [stdout] 
[INFO] [stdout] 
[INFO] [stdout] error[E0308]: mismatched types
[INFO] [stdout]    --> src/num_aux/dec2flt/rawfp.rs:148:30
[INFO] [stdout]     |
[INFO] [stdout] 148 |         const MIN_EXP: i16 = -Self::MAX_EXP + 1;
[INFO] [stdout]     |                              ^^^^^^^^^^^^^^^^^^ expected `i16`, found `i32`
[INFO] [stdout] ...
[INFO] [stdout] 223 |     other_constants!(f64);
[INFO] [stdout]     |     ---------------------- in this macro invocation
[INFO] [stdout]     |
[INFO] [stdout]     = note: this error originates in a macro (in Nightly builds, run with -Z macro-backtrace for more info)
[INFO] [stdout] 
[INFO] [stdout] 
[INFO] [stdout] error[E0308]: mismatched types
[INFO] [stdout]    --> src/num_aux/dec2flt/rawfp.rs:149:50
[INFO] [stdout]     |
[INFO] [stdout] 149 |         const MAX_EXP_INT: i16 = Self::MAX_EXP - (Self::SIG_BITS as i16 - 1);
[INFO] [stdout]     |                                                  ^^^^^^^^^^^^^^^^^^^^^^^^^^^ expected `i32`, found `i16`
[INFO] [stdout] ...
[INFO] [stdout] 170 |     other_constants!(f32);
[INFO] [stdout]     |     ---------------------- in this macro invocation
[INFO] [stdout]     |
[INFO] [stdout]     = note: this error originates in a macro (in Nightly builds, run with -Z macro-backtrace for more info)
[INFO] [stdout] 
[INFO] [stdout] 
[INFO] [stdout] error[E0308]: mismatched types
[INFO] [stdout]    --> src/num_aux/dec2flt/rawfp.rs:149:34
[INFO] [stdout]     |
[INFO] [stdout] 149 |         const MAX_EXP_INT: i16 = Self::MAX_EXP - (Self::SIG_BITS as i16 - 1);
[INFO] [stdout]     |                                  ^^^^^^^^^^^^^^^^^^^^^^^^^^^^^^^^^^^^^^^^^^^ expected `i16`, found `i32`
[INFO] [stdout] ...
[INFO] [stdout] 170 |     other_constants!(f32);
[INFO] [stdout]     |     ---------------------- in this macro invocation
[INFO] [stdout]     |
[INFO] [stdout]     = note: this error originates in a macro (in Nightly builds, run with -Z macro-backtrace for more info)
[INFO] [stdout] 
[INFO] [stdout] 
[INFO] [stdout] error[E0277]: cannot subtract `i16` from `i32`
[INFO] [stdout]    --> src/num_aux/dec2flt/rawfp.rs:149:48
[INFO] [stdout]     |
[INFO] [stdout] 149 |         const MAX_EXP_INT: i16 = Self::MAX_EXP - (Self::SIG_BITS as i16 - 1);
[INFO] [stdout]     |                                                ^ no implementation for `i32 - i16`
[INFO] [stdout] ...
[INFO] [stdout] 170 |     other_constants!(f32);
[INFO] [stdout]     |     ---------------------- in this macro invocation
[INFO] [stdout]     |
[INFO] [stdout]     = help: the trait `Sub<i16>` is not implemented for `i32`
[INFO] [stdout]     = note: this error originates in a macro (in Nightly builds, run with -Z macro-backtrace for more info)
[INFO] [stdout] 
[INFO] [stdout] 
[INFO] [stdout] error[E0308]: mismatched types
[INFO] [stdout]    --> src/num_aux/dec2flt/rawfp.rs:149:50
[INFO] [stdout]     |
[INFO] [stdout] 149 |         const MAX_EXP_INT: i16 = Self::MAX_EXP - (Self::SIG_BITS as i16 - 1);
[INFO] [stdout]     |                                                  ^^^^^^^^^^^^^^^^^^^^^^^^^^^ expected `i32`, found `i16`
[INFO] [stdout] ...
[INFO] [stdout] 223 |     other_constants!(f64);
[INFO] [stdout]     |     ---------------------- in this macro invocation
[INFO] [stdout]     |
[INFO] [stdout]     = note: this error originates in a macro (in Nightly builds, run with -Z macro-backtrace for more info)
[INFO] [stdout] 
[INFO] [stdout] 
[INFO] [stdout] error[E0308]: mismatched types
[INFO] [stdout]    --> src/num_aux/dec2flt/rawfp.rs:149:34
[INFO] [stdout]     |
[INFO] [stdout] 149 |         const MAX_EXP_INT: i16 = Self::MAX_EXP - (Self::SIG_BITS as i16 - 1);
[INFO] [stdout]     |                                  ^^^^^^^^^^^^^^^^^^^^^^^^^^^^^^^^^^^^^^^^^^^ expected `i16`, found `i32`
[INFO] [stdout] ...
[INFO] [stdout] 223 |     other_constants!(f64);
[INFO] [stdout]     |     ---------------------- in this macro invocation
[INFO] [stdout]     |
[INFO] [stdout]     = note: this error originates in a macro (in Nightly builds, run with -Z macro-backtrace for more info)
[INFO] [stdout] 
[INFO] [stdout] 
[INFO] [stdout] error[E0277]: cannot subtract `i16` from `i32`
[INFO] [stdout]    --> src/num_aux/dec2flt/rawfp.rs:149:48
[INFO] [stdout]     |
[INFO] [stdout] 149 |         const MAX_EXP_INT: i16 = Self::MAX_EXP - (Self::SIG_BITS as i16 - 1);
[INFO] [stdout]     |                                                ^ no implementation for `i32 - i16`
[INFO] [stdout] ...
[INFO] [stdout] 223 |     other_constants!(f64);
[INFO] [stdout]     |     ---------------------- in this macro invocation
[INFO] [stdout]     |
[INFO] [stdout]     = help: the trait `Sub<i16>` is not implemented for `i32`
[INFO] [stdout]     = note: this error originates in a macro (in Nightly builds, run with -Z macro-backtrace for more info)
[INFO] [stdout] 
[INFO] [stdout] 
[INFO] [stdout] error[E0308]: mismatched types
[INFO] [stdout]    --> src/num_aux/dec2flt/rawfp.rs:151:50
[INFO] [stdout]     |
[INFO] [stdout] 151 |         const MIN_EXP_INT: i16 = Self::MIN_EXP - (Self::SIG_BITS as i16 - 1);
[INFO] [stdout]     |                                                  ^^^^^^^^^^^^^^^^^^^^^^^^^^^ expected `i32`, found `i16`
[INFO] [stdout] ...
[INFO] [stdout] 170 |     other_constants!(f32);
[INFO] [stdout]     |     ---------------------- in this macro invocation
[INFO] [stdout]     |
[INFO] [stdout]     = note: this error originates in a macro (in Nightly builds, run with -Z macro-backtrace for more info)
[INFO] [stdout] 
[INFO] [stdout] 
[INFO] [stdout] error[E0308]: mismatched types
[INFO] [stdout]    --> src/num_aux/dec2flt/rawfp.rs:151:34
[INFO] [stdout]     |
[INFO] [stdout] 151 |         const MIN_EXP_INT: i16 = Self::MIN_EXP - (Self::SIG_BITS as i16 - 1);
[INFO] [stdout]     |                                  ^^^^^^^^^^^^^^^^^^^^^^^^^^^^^^^^^^^^^^^^^^^ expected `i16`, found `i32`
[INFO] [stdout] ...
[INFO] [stdout] 170 |     other_constants!(f32);
[INFO] [stdout]     |     ---------------------- in this macro invocation
[INFO] [stdout]     |
[INFO] [stdout]     = note: this error originates in a macro (in Nightly builds, run with -Z macro-backtrace for more info)
[INFO] [stdout] 
[INFO] [stdout] 
[INFO] [stdout] error[E0277]: cannot subtract `i16` from `i32`
[INFO] [stdout]    --> src/num_aux/dec2flt/rawfp.rs:151:48
[INFO] [stdout]     |
[INFO] [stdout] 151 |         const MIN_EXP_INT: i16 = Self::MIN_EXP - (Self::SIG_BITS as i16 - 1);
[INFO] [stdout]     |                                                ^ no implementation for `i32 - i16`
[INFO] [stdout] ...
[INFO] [stdout] 170 |     other_constants!(f32);
[INFO] [stdout]     |     ---------------------- in this macro invocation
[INFO] [stdout]     |
[INFO] [stdout]     = help: the trait `Sub<i16>` is not implemented for `i32`
[INFO] [stdout]     = note: this error originates in a macro (in Nightly builds, run with -Z macro-backtrace for more info)
[INFO] [stdout] 
[INFO] [stdout] 
[INFO] [stdout] error[E0308]: mismatched types
[INFO] [stdout]    --> src/num_aux/dec2flt/rawfp.rs:151:50
[INFO] [stdout]     |
[INFO] [stdout] 151 |         const MIN_EXP_INT: i16 = Self::MIN_EXP - (Self::SIG_BITS as i16 - 1);
[INFO] [stdout]     |                                                  ^^^^^^^^^^^^^^^^^^^^^^^^^^^ expected `i32`, found `i16`
[INFO] [stdout] ...
[INFO] [stdout] 223 |     other_constants!(f64);
[INFO] [stdout]     |     ---------------------- in this macro invocation
[INFO] [stdout]     |
[INFO] [stdout]     = note: this error originates in a macro (in Nightly builds, run with -Z macro-backtrace for more info)
[INFO] [stdout] 
[INFO] [stdout] 
[INFO] [stdout] error[E0308]: mismatched types
[INFO] [stdout]    --> src/num_aux/dec2flt/rawfp.rs:151:34
[INFO] [stdout]     |
[INFO] [stdout] 151 |         const MIN_EXP_INT: i16 = Self::MIN_EXP - (Self::SIG_BITS as i16 - 1);
[INFO] [stdout]     |                                  ^^^^^^^^^^^^^^^^^^^^^^^^^^^^^^^^^^^^^^^^^^^ expected `i16`, found `i32`
[INFO] [stdout] ...
[INFO] [stdout] 223 |     other_constants!(f64);
[INFO] [stdout]     |     ---------------------- in this macro invocation
[INFO] [stdout]     |
[INFO] [stdout]     = note: this error originates in a macro (in Nightly builds, run with -Z macro-backtrace for more info)
[INFO] [stdout] 
[INFO] [stdout] 
[INFO] [stdout] error[E0277]: cannot subtract `i16` from `i32`
[INFO] [stdout]    --> src/num_aux/dec2flt/rawfp.rs:151:48
[INFO] [stdout]     |
[INFO] [stdout] 151 |         const MIN_EXP_INT: i16 = Self::MIN_EXP - (Self::SIG_BITS as i16 - 1);
[INFO] [stdout]     |                                                ^ no implementation for `i32 - i16`
[INFO] [stdout] ...
[INFO] [stdout] 223 |     other_constants!(f64);
[INFO] [stdout]     |     ---------------------- in this macro invocation
[INFO] [stdout]     |
[INFO] [stdout]     = help: the trait `Sub<i16>` is not implemented for `i32`
[INFO] [stdout]     = note: this error originates in a macro (in Nightly builds, run with -Z macro-backtrace for more info)
[INFO] [stdout] 
[INFO] [stdout] 
[INFO] [stdout] error: aborting due to 14 previous errors; 22 warnings emitted
[INFO] [stdout] 
[INFO] [stdout] 
[INFO] [stdout] Some errors have detailed explanations: E0277, E0308.
[INFO] [stdout] 
[INFO] [stdout] For more information about an error, try `rustc --explain E0277`.
[INFO] [stdout] 
[INFO] [stderr] error: build failed
[INFO] running `Command { std: "docker" "inspect" "72e4ac7bc44afa2a260e62d7d3da45a101fec9b6b6867f929368acd24696ef2d", kill_on_drop: false }`
[INFO] running `Command { std: "docker" "rm" "-f" "72e4ac7bc44afa2a260e62d7d3da45a101fec9b6b6867f929368acd24696ef2d", kill_on_drop: false }`
[INFO] [stdout] 72e4ac7bc44afa2a260e62d7d3da45a101fec9b6b6867f929368acd24696ef2d
